 475, 5*z - 314 - 146 = 5*t. Let i = z + s. What is the tens digit of i?
1
Let r(s) = 98*s - 12. Let t = 41 - 36. Let m be r(t). Suppose m = 4*d - 5*y, -3*y + 18 = 2*d - 232. What is the hundreds digit of d?
1
Let v = -25 + 39. Suppose v = -r + 18. Suppose -8*g = -r*g - 160. What is the tens digit of g?
4
Let c = -228 + 235. Suppose -c*q = -377 - 1093. What is the units digit of q?
0
Let p(f) = -159*f**2 - 2 + 2 + f - 15*f**3 + 161*f**2. Let u be p(-1). Suppose 1188 = u*q - 4*q. What is the tens digit of q?
9
Let c be (-2418)/7 + 18/(-42)*-1. What is the tens digit of (-72174)/c + (-1 - (-4)/5)?
0
Suppose 69*z + 70198 - 472399 = 0. What is the hundreds digit of z?
8
What is the thousands digit of -1317*(-10 + 4)*2/3?
5
Let r(c) = 5*c**2 + 3. Let v be r(-4). Suppose 1740 = -v*p + 86*p. What is the units digit of p?
0
Let q(y) = -210*y - 22. Let r be q(1). What is the units digit of (r/(-10))/(312/(-40) + 8)?
6
Suppose -25*t = -20*t - 1245. Suppose -b + t + 67 = 0. What is the units digit of b?
6
Suppose -5*l + 9 = 2*q + 2, 4*q + 19 = l. Suppose -l*u + 0*u - 12 = 0. What is the units digit of (-4)/3*(u - -5)*-39?
2
Suppose j - 272 + 4 = 4*k, 0 = 3*j + 5*k - 753. Let o = j + 496. What is the tens digit of o?
5
Let n(b) = -2*b + 40. Let h(p) = 5*p + 2 - 5*p**3 + 4*p**3 + 6*p**2 + 0 - 1. Let r be h(7). What is the tens digit of n(r)?
6
Let q(b) = 57*b + 45. Let w(f) = -f - 1. Let t(v) = q(v) + 4*w(v). Let m be t(-8). Let i = -167 - m. What is the units digit of i?
6
Suppose -26*m = 11*m - 5217. Let i = m - -1474. What is the thousands digit of i?
1
Let j(o) = 7*o - 28. Let k be j(5). Let q(w) = 2*w**3 - 11*w**2 + 24*w + 7. What is the hundreds digit of q(k)?
3
Let v = 0 + -18. Let w be 1 - 55/35 - (-3380)/35. Let c = w + v. What is the tens digit of c?
7
Suppose -4*u + 31931 = 3*n + 2226, 2*n + 2*u - 19800 = 0. What is the thousands digit of n?
9
Let q(w) = 22*w**3 + 5*w**2 - w. Let v = 811 - 808. What is the units digit of q(v)?
6
What is the units digit of 7708/(-752)*(0 + -408)?
2
Let k(d) be the first derivative of d**4/12 + 2*d**3/3 + 5*d**2 + 39*d - 38. Let u(o) be the first derivative of k(o). What is the units digit of u(-16)?
2
What is the tens digit of (58*(-51)/(-24) + 0)*(0 + 348)?
9
Suppose -8*u - 83130 = -402154. What is the thousands digit of u?
9
Let u = -7675 + 9507. What is the tens digit of u?
3
Let q be 4/(-4)*-1*0. Suppose -5*s + 3*f = -894, q = -2*s - 2*f - 208 + 556. What is the hundreds digit of s?
1
Let i(d) = d**3 + 13*d**2 + 10*d + 12. Suppose 6*h + 262 = -248. Let o = 75 + h. What is the tens digit of i(o)?
1
Let s = -10595 - -17043. What is the thousands digit of s?
6
Suppose -2*l + 1928 = -2*b, 5*b = -5*l + 3202 + 1578. Let s = 2448 - l. What is the thousands digit of s?
1
Suppose -4*w - v - 19711 + 18823 = -42468, 0 = v. What is the hundreds digit of w?
3
Let w = 161175 + -110800. What is the thousands digit of w?
0
Let w(s) = 3157*s**2 - 19*s - 43. What is the ten thousands digit of w(-2)?
1
Let h be 0 + 4 + (-15)/(135/(-4437)). Suppose 331 + h = 2*m. What is the tens digit of m?
1
Let s = -7812 - -14601. What is the thousands digit of s?
6
Let q = 157 - 63. Suppose 0 = 3*j - 2*r - 830, -j - q = -4*r - 374. What is the units digit of j?
6
What is the hundreds digit of (-13 + 3 + 15094)/(6/18)?
2
Let p(c) = 8*c**3 + 2*c**2 + 16*c - 4. Let n be p(-3). Let r = n - -580. What is the units digit of r?
0
Let k(m) = -88*m - 427. Suppose -27*j - 468 = -9*j. What is the hundreds digit of k(j)?
8
Suppose 22*o = 40510 + 246854. What is the ten thousands digit of o?
1
Suppose 281920 - 122236 + 327747 = 21*z. What is the units digit of z?
1
Let o = -154 + 235. Suppose 0 = -3*p + 6, -23*k - p = -25*k + 6. Suppose 573 = k*s + o. What is the tens digit of s?
2
Let m = 214166 + -151185. What is the hundreds digit of m?
9
Suppose -137289 = -151*h + 13560. What is the units digit of h?
9
Let f be (6 - (-168)/(-35))/(2/(-5)). What is the tens digit of 582/9 + (-10)/(-3) + f?
6
Let h = -308 - -338. What is the tens digit of h?
3
Suppose -15 = 2*t + 5*j, -t - 3*j + 0 = 10. Let l(h) = 5*h**3 + 2*h**2 - 7*h + 9. What is the tens digit of l(t)?
4
Let p(c) = 6134*c - 852. What is the units digit of p(3)?
0
Suppose 4*f + 33 = 3*c, 3*c + c + f = 25. Let b(x) = x - c*x**2 + 4*x - 8 + x**3 + 2. What is the units digit of b(7)?
9
Let l be (1*3)/((-105)/70). What is the tens digit of 92 + 15 + l + 0?
0
Suppose 135*d + q = 131*d - 7, 0 = 5*q - 25. What is the units digit of ((-2400)/25)/(d/10)?
0
Let q(t) be the second derivative of t**5/20 + 11*t**4/6 - 4*t**3 - t**2 + 3*t. Let b be (0 + (-1)/2)*46. What is the units digit of q(b)?
1
Let z = -10131 + 11772. What is the thousands digit of z?
1
Suppose 5*f = -11 + 51. Let u = f + -14. Let k = 120 + u. What is the tens digit of k?
1
Let y(s) = 1844*s**2 + 2*s. Let g be y(-1). Let n = g - 1191. What is the tens digit of n?
5
Let t be 2/3 + -1 + 26/6. Let c(h) = 5*h + 7. Let w(v) = 6*v + 8. Let u(d) = t*c(d) - 6*w(d). What is the units digit of u(-6)?
6
Let q(u) = u**3 - u**2 - 43*u - 2. Let m be q(-6). Let a be (-4)/2*(-25)/2. Suppose 11 = m*x - a. What is the units digit of x?
9
Let h(k) = -5 + 3*k**2 + 3 + 19*k - 4 - 5*k. Let a be h(-6). Suppose 0 = -4*v + 5*q + 33, 2*q = -v - 0*q + a. What is the tens digit of v?
1
Suppose 4*i = 182 - 162. Suppose -4*k = -m + 154, 326 = 2*m - 7*k + i*k. What is the units digit of m?
6
Let o(y) = -y**3 - 3*y**2 + 3*y. Let j be o(-4). Let x be ((-39)/130)/((-1)/10). Suppose 3*b - 881 = j*t, 5*t - 285 - 578 = -x*b. What is the units digit of b?
1
Let l(x) = 31*x**3 + x**2 + 6*x + 12. Let t(n) = -n**2 + 2*n. Let w(c) = -l(c) + 2*t(c). What is the tens digit of w(-3)?
0
Suppose 7*q - 4 = 3*q - 4*r, 4*r - 5 = -5*q. Let p be q*952/(0 - -4). Suppose 14*j = 7*j + p. What is the units digit of j?
4
What is the hundreds digit of (68/(-408))/((-2)/175092)?
5
Let m = -382 - -124. Let k = m + 293. What is the tens digit of k?
3
Let n(d) = -1436*d + 202. What is the units digit of n(-3)?
0
Let q = 91726 + -40940. What is the tens digit of q?
8
What is the tens digit of -7 + 1 + 32170 - (-7)/(-3)*-3?
7
Let l be -1*(-3 - 1) + 0. Suppose 3*d - 4*s = s - 20, 0 = 3*d + s - l. Suppose -y + 42 = -d*y. What is the tens digit of y?
4
Let y be (-1 + -1)*(-25 - -24). Suppose 2*a - 294 = i, -y*a + 2*i = -99 - 191. Suppose -o - a = -4*h, 2*h = -h + 5*o + 116. What is the tens digit of h?
3
Let s be 92/8*(-4)/(-2) + 2. Let o = -42 + s. Let d(a) = a**2 + 11*a + 11. What is the hundreds digit of d(o)?
1
Suppose -10629 = -3*i - 6*i. Suppose -4*g + y - 6*y + i = 0, 5*y - 892 = -3*g. What is the units digit of g?
9
Let x(t) be the first derivative of -t**4/2 - 7*t**3 + 5*t**2 - 20*t + 34. Let g be x(-11). Let y(r) = r**3 + 11*r**2 - 5*r + 8. What is the tens digit of y(g)?
1
Let j(c) = c**2 - 12*c - 13. Let k be j(12). Let h = k + 17. Suppose h*f + f = 80. What is the units digit of f?
6
Let w be -4*(58/(-4) + 4). Suppose w*r = 45*r - 186. Let j = r - 29. What is the units digit of j?
3
Suppose -5*p + 59573 = 3*a, 0 = -2*a + 2*p - 12523 + 52281. What is the thousands digit of a?
9
Suppose 108*c - 123*c + 272370 = 0. What is the units digit of c?
8
Suppose 36 = p + 4*c, 5*p - 84 = p - c. Suppose 16*h = p*h - 4000. Suppose -4*j = j - h. What is the tens digit of j?
0
What is the ten thousands digit of (30/120)/(4/(-800736)*-3)?
1
Suppose -3*k = -4*r + 1617, 12*r - 10*r - 5*k = 791. What is the units digit of (r/(-30) - -14) + 6568/5?
4
Let a be 27332/(-36) + 2/9. Let g = 1119 + a. Suppose 5*w = 4*d - g, 3*d - 2*w = -w + 259. What is the tens digit of d?
8
Let t be -2*(-2 + 7)*1199. What is the hundreds digit of (1122/143 - 8) + t/(-26)?
4
Let b(u) = 13*u + 40. Let q(z) = 4*z + 12. Let x(o) = 5*b(o) - 14*q(o). Let c = -12 - -17. What is the tens digit of x(c)?
7
Let u(a) = -a**3 - 8*a**2 + 2*a + 13. Let q be (-8)/4*-3 - -2. Suppose -q*x = -7*x + 9. What is the units digit of u(x)?
6
Let c = 6149 - 606. Suppose -2067 = 4*h - u - c, -u - 872 = -h. What is the hundreds digit of h?
8
Suppose -5*f + 13348 = 8203. What is the thousands digit of f?
1
Let a(v) = -482*v + 28. Let o be a(-7). Suppose m - o = -3*q, 0 = -5*q + 3*q + m + 2268. What is the thousands digit of q?
1
What is the ten thousands digit